
9
Suppose 3*l = o + 33, -l + 21 = -5*o - 4. Calculate the remainder when l is divided by 6.
4
Let q be (0/(-1) + -8)/1. Let j(x) = 10*x - 7. Let u be j(q). Calculate the remainder when ((-2)/(-3))/((-2)/u) is divided by 10.
9
Let n(z) = 4*z + 39. Calculate the remainder when n(-7) is divided by 7.
4
Suppose -b - 5*r + 26 = 0, 2*b + r - 3*r - 52 = 0. What is the remainder when b is divided by 10?
6
Calculate the remainder when 20*6/(-2)*(-4)/10 is divided by 7.
3
Let r(t) = -t + 7. Let y be r(3). Suppose 39 = y*w + 3. Let u(v) = v**2 + 3*v + 1. Calculate the remainder when w is divided by u(-4).
4
Let a be -40*((-9)/(-6) - 1). Let c = 7 - a. Calculate the remainder when c is divided by 10.
7
Let m(c) = -c**2 - 8*c - 2. Let b = -4 - -10. Suppose -b = k - 3*k. Calculate the remainder when m(-7) is divided by k.
2
Let n be 1/3 - (-46)/6. Let j(i) = i**3 - 8*i**2 + 2*i + 2. Calculate the remainder when 70 is divided by j(n).
16
Let r be (-3)/(1/2*-2). Suppose -v + 12 = 2*z - 2*v, 13 = r*z - 4*v. Calculate the remainder when z is divided by 4.
3
Let q be -3 - (-56)/(4 - 2). Let p = q - 15. What is the remainder when 49 is divided by p?
9
Let y = -101 + 167. Let c(u) = u**3 + 4*u**2 - u + 13. What is the remainder when y is divided by c(-4)?
15
Suppose 2*i + 91 = -3*r, -5*r = -i - r - 62. Let p = -32 - i. What is the remainder when (3 - 5)/2*(-53)/1 is divided by p?
17
Let r(v) = -6*v**2 - 8*v - 11. Let d(x) = 7*x**2 + 8*x + 12. Let s(j) = 5*d(j) + 6*r(j). Calculate the remainder when 35 is divided by s(-5).
8
Suppose 2*d = -3*q + 91, 3*d + 4*q - 143 = 6*q. What is the remainder when d is divided by 5/(15/(-8))*-3?
7
Calculate the remainder when 17 is divided by (285/12)/5 - (-9)/(-12).
1
Suppose p - 13 = -5*m + 26, 0 = 5*p + 2*m - 172. Suppose k - 3*k + p = 0. What is the remainder when k is divided by 9?
8
Let x = 9 + -8. Let z = 10 + x. What is the remainder when 41 is divided by z?
8
Suppose -3*i = -0*i + 159. Let v = 102 + i. Calculate the remainder when v is divided by 17.
15
Let c(i) = 18*i + 1. What is the remainder when 93 is divided by c(1)?
17
Let p = 0 - -2. Suppose -2*i = p*i - 16. Calculate the remainder when i/(-2)*41/(-2) is divided by 14.
13
Let r(a) = -a**3 + 5*a**2 + 10*a - 11. What is the remainder when 36 is divided by r(6)?
10
Let p be (10/(-3))/((-12)/18). Suppose p = -x, 55 = 5*r - 0*x - 3*x. Calculate the remainder when 22 is divided by r.
6
What is the remainder when ((-12)/20)/((-3)/30) is divided by 4?
2
Suppose 4*l - 12 - 76 = 0. Calculate the remainder when 63 is divided by l.
19
Suppose 0 = 4*q - 7 - 17. Suppose q = 2*a - 6. Suppose -19 = -3*p - j - j, a = 3*j. What is the remainder when p is divided by 3?
2
Suppose f = 3*x + 17, 0 = 6*f - f - x - 15. Suppose -4*h = -24 + 4. What is the remainder when h is divided by f?
1
Suppose -2*c - 20 = c - 2*r, 4*r = c + 10. Suppose 0*b - 4*b = -8. Calculate the remainder when (2/c)/(b/(-30)) is divided by 3.
2
Suppose -m = -r - 4*r - 5, 0 = -2*m. Let u be (2*r)/((-2)/10). What is the remainder when 13 is divided by (u/(-8))/(3/(-12))?
3
What is the remainder when (-15 - -2)*(-9 + 4) is divided by 17?
14
Let r(h) = -h**2 - 19*h - 3. Calculate the remainder when r(-6) is divided by 27.
21
Let k(y) = 2*y + 57. Calculate the remainder when k(-13) is divided by 5.
1
Let h(s) = -s**3 - 9*s**2 - 8*s + 1. Let k be 0 + (-10 - -2) + 0. Let g be h(k). Calculate the remainder when 2 is divided by g - (1 + 2/(-2)).
0
Suppose 5*w - 92 = 108. Calculate the remainder when w is divided by 381/18 + 1/(-6).
19
Let m(v) = v**2 - 4*v + 10 + 6*v + 4*v. Calculate the remainder when m(-7) is divided by 6.
5
Let z(j) = -j**3 + 5*j**2 - 3*j - 4. Let a be ((-6)/(-2))/(3 + -2). What is the remainder when 16 is divided by z(a)?
1
Let k = 162 - 65. What is the remainder when k is divided by 20?
17
Let b be (4/2 + -2)/(-1). Suppose -p = -b*p. Suppose p = -4*u - u + 235. Calculate the remainder when u is divided by 24.
23
Let v = -11 - -28. Let y = -5 + v. Calculate the remainder when 35 is divided by y.
11
Let p be 7/((8/28)/2). Suppose b = 2*k - 40, 3*b - 21 = -4*k + p. Calculate the remainder when 37 is divided by k.
18
Let h(p) = -1. Let u(m) = -4*m + 8. Let c(q) = 4*h(q) + u(q). Let v(l) = 2*l**2 + 6*l + 3. Calculate the remainder when v(-6) is divided by c(-4).
19
Suppose w - 2*w = 3. Let v = w - -2. Calculate the remainder when 49 is divided by (5 + -3 + v)*17.
15
What is the remainder when 75 is divided by 8/20 - 78/(-5)?
11
Let q = -2 + 6. What is the remainder when (9/q)/((-1)/(-8)) is divided by 5?
3
Suppose -3*a + 25 = 2*a. Suppose 7 = 3*w + 4*v - 8, 20 = 4*w + v. What is the remainder when a is divided by 3*4/(w + -1)?
2
Let q(i) = -5*i - 1. What is the remainder when 13 is divided by q(-1)?
1
What is the remainder when 57 - ((-1)/(-1) + 0) is divided by 29?
27
Suppose 4*q - 189 = -5*q. What is the remainder when q is divided by 6?
3
Let h be ((-15)/(-6))/(5/4). Suppose -z + h*z - 15 = 0. Calculate the remainder when 29 is divided by z.
14
Suppose -g + 2*d + 19 = 4*d, -3*d - 21 = -4*g. What is the remainder when 87 is divided by g?
6
Suppose 2 = 3*j + 5*m, 2 = -2*j - 3*j - 3*m. What is the remainder when ((-1)/((-1)/(-31)))/j is divided by 11?
9
Suppose 3*r + 4*q + 5 = 0, -2*r = -3*q - q - 30. What is the remainder when 7 is divided by r?
2
Suppose -186 = -19*v + 17*v. What is the remainder when v is divided by 24?
21
Suppose 2*o - 8 = 32. Calculate the remainder when o is divided by 2/9 - 194/(-18).
9
What is the remainder when -1 - (0 + -83 + 0) is divided by 21?
19
Let x(j) = -8*j - 6. Calculate the remainder when 100 is divided by x(-5).
32
Let k = 21 - -4. What is the remainder when k is divided by 13?
12
Suppose 3*m - 4*a + 10 = 0, 3*m - 4*a = 4*m - 18. Suppose -j = 2*k + 10, 4*j + 3*k = m*k - 26. Calculate the remainder when 22 is divided by -3*(-8)/(-18)*j.
6
Let k = 65 + -38. Calculate the remainder when 80 is divided by k.
26
Let d = -12 - -27. What is the remainder when d is divided by 9?
6
Let q = 30 - 16. What is the remainder when 396/15 + (-2)/5 is divided by q?
12
Let f(i) = -i**2 - 10*i - 1. What is the remainder when 13 is divided by f(-9)?
5
Let c(i) = i - 3. Let k be c(7). Let l(r) = r**3 - 9*r**2 + 12. Calculate the remainder when 46/3*6/k is divided by l(9).
11
Let w = 2 - 2. Suppose -4*b + 110 + 74 = w. What is the remainder when b is divided by 12?
10
Let q(b) = -b**3 + 5*b**2 - 3*b + 3. Let u = 9 - 6. Let t be u*1 - (-3 + 3). Calculate the remainder when 45 is divided by q(t).
9
Suppose 3*i - 2*j + 2 - 13 = 0, -31 = -3*i - 2*j. What is the remainder when 2 is divided by (-24)/(-14) - (-2)/i?
0
What is the remainder when 81 is divided by 2 + -1 + (-39)/(-9)*3?
11
Let r be -2 - 7*(1 + -2). Let l(z) = 6*z + 2. Suppose 14 + 8 = 2*s. Calculate the remainder when l(r) is divided by s.
10
Let v(d) = -d**3 + 5*d**2 + 4*d - 4. What is the remainder when 49 is divided by v(3)?
23
Let t = 21 + 2. Calculate the remainder when 45 is divided by t.
22
Suppose 3*m = 2*f - 37, 3*f + 5*m - 31 = -4. Suppose 2*h + 2*z = 16, -4*h + 5*z - 14 + 1 = 0. Calculate the remainder when f is divided by h.
2
Suppose 5*w + m = 61, -w = -6*m + m - 7. Calculate the remainder when 43 is divided by w.
7
Let a(l) = 2*l**2 - 4*l - 3. Let x be a(4). Let j = x - 5. What is the remainder when 136/6 - 16/24 is divided by j?
6
Suppose -17 = -3*y + 19. Suppose 3*h = -0*h + y. What is the remainder when ((-52)/(-12) + -1)*9/3 is divided by h?
2
Calculate the remainder when 1 + 1/(2/90) is divided by 25.
21
Suppose 0 = 2*s - 131 + 15. What is the remainder when s is divided by 12?
10
Let n(d) = d + 14. What is the remainder when 103 is divided by n(12)?
25
Calculate the remainder when 85 is divided by 5/(-2*(-3)/18).
10
Calculate the remainder when 4/8*-2 - -23 is divided by 8.
6
Let y be (-8)/6*21*1. Let s = 53 + y. What is the remainder when s is divided by 13?
12
Let w(v) = -16*v - 53. Calculate the remainder when w(-8) is divided by 11.
9
Let v(b) = -4*b - 6. Let z be v(-4). Suppose 0 = 3*y + 4*c - 3 + 14, -5*y - 5*c - z = 0. Calculate the remainder when 3/2*46/y is divided by 12.
11
Suppose 0 = 6*c - 2*c - 16. Suppose -64 = -3*u - 5*q, -u + 23 = c*q - 10. What is the remainder when 24 is divided by u?
11
Sup